remainder when 633 is divided by 85.
38
Calculate the remainder when 34 is divided by 9.
7
What is the remainder when 157 is divided by 150?
7
What is the remainder when 116 is divided by 102?
14
What is the remainder when 2537 is divided by 212?
205
What is the remainder when 1014 is divided by 206?
190
What is the remainder when 238 is divided by 5?
3
Calculate the remainder when 382 is divided by 347.
35
Calculate the remainder when 185 is divided by 32.
25
What is the remainder when 1703 is divided by 790?
123
What is the remainder when 1223 is divided by 49?
47
What is the remainder when 158 is divided by 8?
6
Calculate the remainder when 1043 is divided by 16.
3
Calculate the remainder when 3616 is divided by 31.
20
What is the remainder when 1267 is divided by 75?
67
Calculate the remainder when 338 is divided by 15.
8
Calculate the remainder when 125 is divided by 36.
17
Calculate the remainder when 217 is divided by 46.
33
What is the remainder when 1338 is divided by 61?
57
What is the remainder when 395 is divided by 76?
15
Calculate the remainder when 324 is divided by 15.
9
Calculate the remainder when 11 is divided by 6.
5
What is the remainder when 1772 is divided by 37?
33
What is the remainder when 399 is divided by 12?
3
What is the remainder when 202 is divided by 178?
24
What is the remainder when 284 is divided by 36?
32
Calculate the remainder when 969 is divided by 194.
193
Calculate the remainder when 1289 is divided by 18.
11
Calculate the remainder when 4124 is divided by 55.
54
Calculate the remainder when 1388 is divided by 87.
83
What is the remainder when 1034 is divided by 7?
5
Calculate the remainder when 224 is divided by 80.
64
Calculate the remainder when 321 is divided by 42.
27
What is the remainder when 6448 is divided by 2149?
1
Calculate the remainder when 2008 is divided by 155.
148
Calculate the remainder when 45 is divided by 28.
17
What is the remainder when 519 is divided by 52?
51
What is the remainder when 64 is divided by 14?
8
Calculate the remainder when 5065 is divided by 72.
25
What is the remainder when 550 is divided by 526?
24
Calculate the remainder when 44 is divided by 23.
21
Calculate the remainder when 560 is divided by 61.
11
Calculate the remainder when 9508 is divided by 58.
54
What is the remainder when 878 is divided by 34?
28
Calculate the remainder when 87 is divided by 23.
18
What is the remainder when 370 is divided by 12?
10
What is the remainder when 304 is divided by 128?
48
What is the remainder when 1182 is divided by 32?
30
Calculate the remainder when 2522 is divided by 150.
122
Calculate the remainder when 1215 is divided by 37.
31
Calculate the remainder when 363 is divided by 28.
27
What is the remainder when 857 is divided by 33?
32
What is the remainder when 117 is divided by 43?
31
What is the remainder when 8188 is divided by 315?
313
What is the remainder when 3396 is divided by 71?
59
What is the remainder when 6086 is divided by 87?
83
What is the remainder when 213 is divided by 24?
21
What is the remainder when 590 is divided by 120?
110
Calculate the remainder when 563 is divided by 113.
111
Calculate the remainder when 264 is divided by 37.
5
What is the remainder when 410 is divided by 138?
134
Calculate the remainder when 206 is divided by 140.
66
What is the remainder when 510 is divided by 187?
136
What is the remainder when 1391 is divided by 229?
17
What is the remainder when 398 is divided by 191?
16
Calculate the remainder when 92 is divided by 45.
2
What is the remainder when 124 is divided by 21?
19
What is the remainder when 234 is divided by 34?
30
Calculate the remainder when 700 is divided by 19.
16
What is the remainder when 501 is divided by 177?
147
What is the remainder when 180 is divided by 23?
19
What is the remainder when 5497 is divided by 46?
23
What is the remainder when 628 is divided by 321?
307
What is the remainder when 70 is divided by 26?
18
What is the remainder when 1076 is divided by 15?
11
What is the remainder when 361 is divided by 25?
11
What is the remainder when 445 is divided by 16?
13
Calculate the remainder when 658 is divided by 44.
42
What is the remainder when 920 is divided by 15?
5
Calculate the remainder when 47 is divided by 17.
13
What is the remainder when 93 is divided by 17?
8
What is the remainder when 3953 is divided by 15?
8
What is the remainder when 2030 is divided by 211?
131
What is the remainder when 1242 is divided by 234?
72
What is the remainder when 1520 is divided by 322?
232
Calculate the remainder when 36416 is divided by 131.
129
What is the remainder when 628 is divided by 45?
43
What is the remainder when 659 is divided by 60?
59
Calculate the remainder when 1197 is divided by 10.
7
Calculate the remainder when 1709 is divided by 15.
14
What is the remainder when 834 is divided by 44?
42
What is the remainder when 27 is divided by 8?
3
Calculate the remainder when 921 is divided by 23.
1
Calculate the remainder when 19 is divided by 9.
1
Calculate the remainder when 20 is divided by 12.
8
Calculate the remainder when 6666 is divided by 8.
2
Calculate the remainder when 23 is divided by 12.
11
Calculate the remainder when 1564 is divided by 32.
28
Calculate the remainder when 721 is divided by 32.
17
What is the remainder when 4520 is divided by 38?
36
What is the remainder when 89 is divided by 18?
17
What is the remainder when 43 is divided by 13?
4
What is the remainder when 50 is divided by 19?
12
What is the remainder when 406 is divided by 37?
36
Calculate the remainder when 71 is divided by 32.
7
Calculate the remainder when 4698 is divided by 42.
36
Calculate the remainder when 1187 is divided by 17.
14
Calculate the remainder when 49 is divided by 3.
1
Calculate the remainder when 929 is divided by 37.
4
What is the remainder when 1055 is divided by 24?
23
Calculate the remainder when 1726 is divided by 19.
16
What is the remainder when 170 is divided by 2?
0
What is the remainder when 3438 is divided by 286?
6
What is the remainder when 664 is divided by 35?
34
Calculate the remainder when 773 is divided by 97.
94
Calculate the remainder when 290 is divided by 51.
35
What is the remainder when 277 is divided by 70?
67
Calculate the remainder when 6709 is divided by 79.
73
Calculate the remainder when 322 is divided by 81.
79
Calculate the remainder when 145 is divided by 48.
1
Calculate the remainder when 482 is divided by 44.
42
Calculate the remainder when 8439 is divided by 134.
131
What is the remainder when 945 is divided by 871?
74
What is the remainder when 174 is divided by 61?
52
What is the remainder when 252 is divided by 82?
6
What is the remainder when 2024 is divided by 45?
44
Calculate the remainder when 2347 is divided by 181.
175
What is the remainder when 5771 is divided by 21?
17
Calculate the remainder when 179 is divided by 46.
41
What is the remainder when 1171 is divided by 51?
49
Calculate the remainder when 3862 is divided by 161.
159
Calculate the remainder when 112 is divided by 33.
13
Calculate the remainder when 3355 is divided by 48.
43
What is the remainder when 35 is divided by 19?
16
Calculate the remainder when 158 is divided by 77.
4
Calculate the remainder when 10266 is divided by 21.
18
Calculate the remainder when 348 is divided by 84.
12
What is the remainder when 211 is divided by 12?
7
What is the remainder when 424 is divided by 41?
14
What is the remainder when 522 is divided by 41?
30
Calculate the remainder when 462 is divided by 68.
54
Calculate the remainder when 61 is divided by 29.
3
What is the remainder when 1095 is divided by 282?
249
What is the remainder when 110 is divided by 23?
18
Calculate the remainder when 107 is divided by 103.
4
What is the remainder when 578 is divided by 87?
56
Calculate the remainder when 568 is divided by 52.
48
Calculate the remainder when 194 is divided by 20.
14
Calculate the remainder when 138 is divided by 36.
30
Calculate the remainder when 62 is divided by 54.
8
What is the remainder when 315 is divided by 29?
25
Calculate the remainder when 348 is divided by 22.
18
What is the remainder when 749 is divided by 240?
29
Calculate the remainder when 659 is divided by 29.
21
What is the